the prime factors of 2073.
3, 691
List the prime factors of 8732.
2, 37, 59
List the prime factors of 1731.
3, 577
List the prime factors of 508.
2, 127
List the prime factors of 4511.
13, 347
What are the prime factors of 79146?
2, 3, 4397
What are the prime factors of 1817?
23, 79
List the prime factors of 37.
37
List the prime factors of 20629.
7, 421
What are the prime factors of 689?
13, 53
List the prime factors of 42530.
2, 5, 4253
What are the prime factors of 69047?
11, 6277
List the prime factors of 88540.
2, 5, 19, 233
What are the prime factors of 4947?
3, 17, 97
What are the prime factors of 6978?
2, 3, 1163
List the prime factors of 4773.
3, 37, 43
What are the prime factors of 269?
269
What are the prime factors of 886?
2, 443
List the prime factors of 7527.
3, 13, 193
What are the prime factors of 437?
19, 23
List the prime factors of 4290.
2, 3, 5, 11, 13
What are the prime factors of 6678?
2, 3, 7, 53
List the prime factors of 2394.
2, 3, 7, 19
List the prime factors of 15855.
3, 5, 7, 151
List the prime factors of 16841.
11, 1531
List the prime factors of 156.
2, 3, 13
What are the prime factors of 29819?
29819
What are the prime factors of 13992?
2, 3, 11, 53
List the prime factors of 45894.
2, 3, 7649
What are the prime factors of 4548?
2, 3, 379
What are the prime factors of 181?
181
What are the prime factors of 889?
7, 127
What are the prime factors of 612?
2, 3, 17
What are the prime factors of 11587?
11587
What are the prime factors of 30022?
2, 17, 883
What are the prime factors of 19663?
7, 53
What are the prime factors of 474?
2, 3, 79
What are the prime factors of 1491?
3, 7, 71
What are the prime factors of 12434?
2, 6217
List the prime factors of 35865.
3, 5, 797
List the prime factors of 53.
53
What are the prime factors of 5929?
7, 11
List the prime factors of 1575.
3, 5, 7
What are the prime factors of 51653?
7, 47, 157
What are the prime factors of 104683?
104683
List the prime factors of 18757.
18757
What are the prime factors of 117478?
2, 151, 389
What are the prime factors of 613?
613
What are the prime factors of 864?
2, 3
What are the prime factors of 32259?
3, 10753
What are the prime factors of 8079?
3, 2693
List the prime factors of 1065.
3, 5, 71
List the prime factors of 155325.
3, 5, 19, 109
List the prime factors of 70131.
3, 97, 241
List the prime factors of 571.
571
What are the prime factors of 57476?
2, 14369
What are the prime factors of 10452?
2, 3, 13, 67
List the prime factors of 7026.
2, 3, 1171
What are the prime factors of 602?
2, 7, 43
List the prime factors of 16374.
2, 3, 2729
What are the prime factors of 22952?
2, 19, 151
What are the prime factors of 152?
2, 19
List the prime factors of 64003.
29, 2207
List the prime factors of 613.
613
List the prime factors of 629.
17, 37
What are the prime factors of 139316?
2, 29, 1201
List the prime factors of 4497.
3, 1499
List the prime factors of 16850.
2, 5, 337
List the prime factors of 916.
2, 229
List the prime factors of 24.
2, 3
List the prime factors of 12332.
2, 3083
What are the prime factors of 64825?
5, 2593
List the prime factors of 266.
2, 7, 19
List the prime factors of 174841.
29, 6029
List the prime factors of 140444.
2, 35111
What are the prime factors of 32522?
2, 7, 23, 101
What are the prime factors of 2765?
5, 7, 79
List the prime factors of 58.
2, 29
What are the prime factors of 21672?
2, 3, 7, 43
List the prime factors of 28598.
2, 79, 181
What are the prime factors of 75817?
7, 10831
List the prime factors of 20593.
20593
What are the prime factors of 490?
2, 5, 7
What are the prime factors of 22276?
2, 5569
What are the prime factors of 1157?
13, 89
List the prime factors of 707.
7, 101
What are the prime factors of 2374?
2, 1187
What are the prime factors of 12547?
12547
What are the prime factors of 126794?
2, 63397
List the prime factors of 167.
167
List the prime factors of 19804.
2, 4951
List the prime factors of 459.
3, 17
List the prime factors of 196.
2, 7
What are the prime factors of 105725?
5, 4229
What are the prime factors of 1223?
1223
What are the prime factors of 9753?
3, 3251
List the prime factors of 10773.
3, 7, 19
List the prime factors of 1357.
23, 59
List the prime factors of 23023.
7, 11, 13, 23
List the prime factors of 830.
2, 5, 83
List the prime factors of 3055.
5, 13, 47
List the prime factors of 1606.
2, 11, 73
What are the prime factors of 17819?
103, 173
What are the prime factors of 3273?
3, 1091
List the prime factors of 51.
3, 17
What are the prime factors of 26950?
2, 5, 7, 11
List the prime factors of 591.
3, 197
List the prime factors of 21902.
2, 47, 233
What are the prime factors of 56618?
2, 28309
List the prime factors of 25791.
3, 8597
What are the prime factors of 18975?
3, 5, 11, 23
What are the prime factors of 3785?
5, 757
List the prime factors of 382.
2, 191
What are the prime factors of 2061?
3, 229
List the prime factors of 942.
2, 3, 157
What are the prime factors of 2785?
5, 557
What are the prime factors of 7853?
7853
What are the prime factors of 42289?
13, 3253
What are the prime factors of 1330?
2, 5, 7, 19
What are the prime factors of 9367?
17, 19, 29
What are the prime factors of 80278?
2, 11, 41, 89
What are the prime factors of 9285?
3, 5, 619
What are the prime factors of 3612?
2, 3, 7, 43
List the prime factors of 726.
2, 3, 11
What are the prime factors of 670?
2, 5, 67
What are the prime factors of 29?
29
List the prime factors of 575.
5, 23
What are the prime factors of 14431?
14431
What are the prime factors of 15848?
2, 7, 283
What are the prime factors of 5664?
2, 3, 59
What are the prime factors of 440?
2, 5, 11
What are the prime factors of 3491?
3491
List the prime factors of 3944.
2, 17, 29
What are the prime factors of 434?
2, 7, 31
List the prime factors of 6876.
2, 3, 191
What are the prime factors of 1054?
2, 17, 31
What are the prime factors of 54239?
73, 743
What are the prime factors of 358?
2, 179
List the prime factors of 3870.
2, 3, 5, 43
List the prime factors of 45355.
5, 47, 193
What are the prime factors of 560?
2, 5, 7
List the prime factors of 3993.
3, 11
What are the prime factors of 623?
7, 89
List the prime factors of 420.
2, 3, 5, 7
What are the prime factors of 3467?
3467
What are the prime factors of 468?
2, 3, 13
What are the prime factors of 967?
967
What are the prime factors of 4114?
2, 11, 17
What are the prime factors of 540?
2, 3, 5
List the prime factors of 44634.
2, 3, 43, 173
List the prime factors of 587.
587
List the prime factors of 6385.
5, 1277
What are the prime factors of 1745?
5, 349
List the prime factors of 3680.
2, 5, 23
List the prime factors of 416.
2, 13
List the prime factors of 3222.
2, 3, 179
List the prime factors of 2648.
2, 331
What are the prime factors of 15566?
2, 43, 181
What are the prime factors of 19579?
7, 2797
List the prime factors of 539.
7, 11
What are the prime factors of 19992?
2, 3, 7, 17
What are the prime factors of 1383?
3, 461
List the prime factors of 69754.
2, 34877
List the prime factors of 34177.
11, 13, 239
What are the prime factors of 1103?
1103
List the prime factors of 32.
2
List the prime factors of 27524.
2, 7, 983
What are the prime factors of 656?
2, 41
What are the prime factors of 14716?
2, 13, 283
List the prime factors of 129836.
2, 7, 4637
List the prime factors of 654.
2, 3, 109
What are the prime factors of 1082?
2, 541
What are the prime factors of 206?
2, 103
What are the prime factors of 43205?
5, 8641
List the prime factors of 1127.
7, 23
What are the prime factors of 2913?
3, 971
What are the prime factors of 45147?
3, 101, 149
List the prime factors of 51160.
2, 5, 1279
List the prime factors of 5038.
2, 11, 229
What are the prime factors of 8643?
3, 43, 67
What are the prime factors of 1251?
3, 139
What are the prime factors of 909?
3, 101
What are the prime factors of 2119?
13, 163
List the prime factors of 3002.
2, 19, 79
What are the prime factors of 563?
563
List the prime factors of 618.
2, 3, 103
What are the prime factors of 3013?
23, 131
List the prime factors of 84682.
2, 13, 3257
List the prime factors of 1474.
2, 11, 67
List the prime factors of 2393.
2393
List the prime factors of 398.
2, 199
List the prime factors of 16353.
3,